at is the units digit of l(-2)?
5
Let i be 14/(-49) - 37/(-7). Suppose -i*t = 5*w - 5, 3*t + t = -2*w + 8. What is the units digit of 2/(t*(-1)/(-9))?
6
Let i = -1 - -3. What is the units digit of i?
2
Let p = -16 + 24. What is the units digit of p?
8
Let j = -10 - -7. What is the tens digit of (j*17)/(-3) + -1?
1
Let v(g) = g + g - 3*g - 2. Let d be v(-2). Suppose -5*i - 6 = -6*f + 3*f, d = -2*f + 2*i + 8. What is the units digit of f?
7
Suppose 3*v - 157 = -5*y, 0*y + 3*v = 3*y - 75. What is the tens digit of y?
2
Let g = -7 - -3. Let l = -3 - g. Suppose l = 5*n - 19. What is the units digit of n?
4
Suppose -26 = -5*f + 9. Suppose 1 = 8*g - f*g. What is the units digit of g?
1
Let j(d) = -7*d**2 + 10*d + 11. Let t(s) = 6*s**2 - 9*s - 10. Let i(n) = 5*j(n) + 6*t(n). Let p be i(7). Let c = -9 + p. What is the units digit of c?
7
Let w = -2 - -2. Suppose -v - 3*v = -3*u, -5*u + 3*v = w. Suppose -4*m - 24 = -3*c, c - 8 = -u*m - 2*m. What is the units digit of c?
8
Let z = 50 + 0. What is the units digit of z?
0
Suppose 5*j + 25 = -5. What is the units digit of (j/(-4))/((-1)/(-4))?
6
Let r be 4/10 + 1/((-25)/(-115)). Let g(i) be the second derivative of i**5/20 - 5*i**4/12 + i**3/2 - 3*i**2 + i. What is the units digit of g(r)?
9
Suppose -2*q - 28 = 2*q. Let a(y) = y + 10. Let h be a(q). What is the units digit of (0 + h/2)*6?
9
Let k(o) = -17*o**3 + 2*o**2. What is the units digit of k(-2)?
4
Let l(n) = 23*n**3 - n. Let a(z) = -2*z + 13. Let f be a(6). What is the units digit of l(f)?
2
Let d(b) = 1 - 3*b + 4*b - 8*b. Let n be d(1). Let q = 12 + n. What is the units digit of q?
6
Suppose 4*u - 160 = -u. What is the units digit of u?
2
Suppose 5*l + 7*b - 4*b = 62, -5*b + 20 = 0. Suppose 0 = -2*p + 4*f + l, -7 = 2*p + 4*f + 15. Let q = 2 - p. What is the units digit of q?
5
Suppose x - 4*x = -6*x. Suppose -f - 12 = 4*h, -5*h + 0*f + f - 6 = 0. What is the units digit of h - (x - (5 + -1))?
2
Let c = 16 - 6. Suppose 7*r - c = 2*r. What is the units digit of r?
2
Let i be (2 + -1)/(3/(-21)). Let t(u) = -u + 1. Let d be t(i). Suppose -2*v + 4*v = d. What is the units digit of v?
4
Suppose -5*n - 20 = -0*n. Let j(w) = 2*w**2 + 5*w + 6. Let h be j(n). Suppose 2*o = 5*g + 5, g - h = -3*o - 2*g. What is the units digit of o?
5
Suppose 4*w = w + 3*v + 216, 5*w - 2*v - 363 = 0. What is the units digit of w?
3
Suppose -s - 4*l + 4 = s, 2*s - 18 = 3*l. What is the units digit of s?
6
Suppose -4 - 18 = -j - 4*i, 60 = 2*j + 4*i. What is the tens digit of j?
3
Suppose 4*s + 8 = 0, -3*h + 13 = -3*s - 17. Suppose -4*x = -8 - h. What is the units digit of 2/4 - (-26)/x?
7
Let q(s) = s**3 + 10*s**2 - 2*s - 12. Let y be q(-10). Suppose -19 = -v - y. What is the units digit of v?
1
Suppose 41*c - 45*c + 692 = 0. What is the hundreds digit of c?
1
Let l(k) = -k + 6. Let q be l(0). Let r = q - 5. What is the units digit of r?
1
Let y(u) = -5*u**3 + 4*u**2 + 13*u + 3. What is the units digit of y(-2)?
3
Suppose 0 = 2*z - 4*j - 16, z + 0*j - 4*j - 6 = 0. Let a = -19 + z. Let r = 14 + a. What is the units digit of r?
5
Suppose 0 = -o - 4*b + 42, 0*b + 126 = 3*o - 2*b. Suppose v - 6 = -2*v. Suppose -3*f = v*j - 3, f = -5*j + 5*f + o. What is the units digit of j?
6
Suppose 4*s = 11 - 3. Let p be (-4 + 0)*s/(-4). Suppose p*r = -2*w + 24, 7*w - 4*w = 0. What is the tens digit of r?
1
Let c be (28/(-12))/(1/(-48)). Suppose 4*n + c + 20 = 5*q, -q - 3*n = -15. What is the units digit of q?
4
Let y = -7 - -4. Let a be (-1)/y + (-93)/9. What is the tens digit of (-549)/(-45) - (-2)/a?
1
Suppose 0 = 2*v - 2*b - 2*b - 126, 0 = -5*v - 3*b + 250. What is the tens digit of v?
5
Suppose -d = -3*k - 6, 3*d + 4 = 2*d + 5*k. What is the units digit of d?
1
Suppose 3*j + 4 = 1. Let q = 1 - j. Suppose 0 = -m - q*m + 27. What is the units digit of m?
9
Let b = 10 + -4. What is the units digit of b/(-12)*(-5 - 1)?
3
Let d = 286 - 119. What is the tens digit of d?
6
Let o(q) = -q + 2*q - 3 - 2*q. Let h be o(-3). Suppose -3 + h = -p. What is the units digit of p?
3
Let t(u) be the first derivative of 3*u**2 - 7*u - 7. What is the units digit of t(8)?
1
Suppose 5*o - 55 = 4*l, -3*l + 0*l - 50 = -5*o. Let z = o + 1. What is the units digit of z?
8
Suppose 3*m - l = 54, 3*l + 2 = 5*m - 88. Suppose -3*t - m = -t. Let g = t - -18. What is the units digit of g?
9
Suppose 573 = 8*v - 323. What is the units digit of v?
2
Suppose 7 = -5*b - 3. Let o(r) = -r**3 - 3*r**2 - 3*r - 1. What is the units digit of o(b)?
1
What is the units digit of 1438/14 - 2/(-7)?
3
Suppose 0*g - 4*f = 3*g - 25, -g = -f + 1. Suppose d + 25 = 2*k - g, -16 = -2*k + 4*d. Suppose -q + 8 = r, -k = -q - r - 4*r. What is the units digit of q?
6
What is the units digit of (-2 + 0)*47/(-2)?
7
Let z be (-114 - 0) + 2 + -4. Let k = 165 + z. What is the tens digit of k?
4
What is the tens digit of (-4 + 2 + 25)/((-6)/(-36))?
3
Suppose 3*j - 103 = -l, 2*l + 2*j + 447 = 7*l. What is the units digit of l?
1
Let r = -9 - -11. What is the units digit of r*((-64)/(-4))/4?
8
Suppose 0*m - 2*m + 8 = 0. Let f(g) = g**3 + g**2 - 38. Let q be f(0). What is the units digit of (q/(-4))/(m/8)?
9
Suppose 6*t - 30 = -0*t. Suppose 8*j - 105 = t*j. What is the tens digit of j?
3
Let j = -7 - 2. Let c = j + 5. Let p = c - -9. What is the units digit of p?
5
Let a(x) be the first derivative of 9*x**2/2 + 8*x - 3. Let q be a(6). Suppose 5*m - q = -12. What is the tens digit of m?
1
What is the units digit of 16 - ((-12)/3 + 0)?
0
Let b(d) = -d**3 - 4*d**2 + 3*d + 4. Let l be b(-5). Let g(r) = 8*r + 4. Let c be g(-4). What is the units digit of (-8)/c - (-52)/l?
4
Let j(t) = t + 1. What is the units digit of j(4)?
5
Let m be (-2)/(-9) - 75/(-27). Suppose -4*a + 2*a + m*y - 53 = 0, 27 = -a + y. What is the units digit of 8/a - (-46)/14?
3
Let j(s) = 2*s**2 + 17*s + 18. What is the tens digit of j(-15)?
1
Suppose -168 = -32*b + 30*b. What is the tens digit of b?
8
Suppose z + 3 - 12 = 0. Let u(m) = 3*m + 13. What is the tens digit of u(z)?
4
Let l be (4/(-1))/(-2) + -4. Let y = 1 - l. Let n = y - 1. What is the units digit of n?
2
Suppose 0*s - 2*s = -16. What is the units digit of s?
8
Suppose -4*g + 15 = -1. What is the units digit of g?
4
Suppose -5*g = -0*g - 10, -i - g + 4 = 0. Suppose 3*n - 7 = -0*n + 5*w, -7 = -i*n + w. What is the units digit of n?
4
Suppose 2*f - 484 = -2*f. What is the hundreds digit of f?
1
Let a = -36 - -68. What is the units digit of a?
2
Let p(k) = 2*k**3 + 2*k**2 + 4*k - 3. Let s be p(5). Suppose 2*b + s = -5*u, -43 = u - 3*b + 17. What is the units digit of (1/(-3))/(7/u)?
3
Suppose 13*j - 9 = 10*j. What is the units digit of j?
3
Suppose 2 = 3*k + 8. Let q = k - -5. What is the units digit of q?
3
Suppose 2*t - 2 - 4 = 0. Suppose 2*f - 25 = 3*a, a - f + 15 = t*f. Let y(j) = j**3 + 8*j**2 + 6*j + 2. What is the units digit of y(a)?
9
Let j = 2 - -3. Suppose 3*t - 3 = -0, 0 = -j*z - t + 51. Suppose -b - b = -z. What is the units digit of b?
5
Suppose x + 3*a = 0, 24 = x + 2*x + a. Suppose 2*n = -3*h - 3*n - x, 2*h = 2*n + 10. Suppose 0 = m - h - 5. What is the units digit of m?
7
Let s be (-2)/(-5) + (-39)/(-15). Let r = s + 2. What is the units digit of r?
5
Suppose 0 = s + 3*s - 20. Suppose -3*k = 4*z - 2*z - 54, s*z - 5 = -k. Let h = k - 9. What is the units digit of h?
1
What is the units digit of 1 - 2/((-6)/75)?
6
Let q(y) = y**3 + 4*y**2 + 2*y - 1. Suppose 0*a + 15 = -5*a. Let u(p) = p**3 + 4*p**2 + 5*p + 3. Let d be u(a). What is the units digit of q(d)?
2
Let m(s) = -s + 10. Let n be m(6). Suppose -9*y + 130 = -n*y. What is the tens digit of y?
2
Suppose 7*w - 9*w + 312 = 0. Suppose -3*a + w = a. What is the tens digit of a?
3
Let w(y) = 33*y - 6. What is the units digit of w(5)?
9
Let i(m) = m**2 + 4*m. Let f be i(-3). What is the tens digit of f + (-4)/(-8)*70?
3
Suppose 5*k = 3*h + 23, 16 = 3*k - h - 3*h. What is the units digit of k?
4
What is the units digit of ((-150)/7)/(8/(-56))?
0
Let s(c) = 2*c**2 + 1. What is the tens digit of s(-5)?
5
Let x be (18 + -9)*(-2)/(-9). Let l(p) = -p + 3. Let f be l(5). What is the units digit of (-4)/(-4 + x) - f?
4
Let b be 1/((2/(-1))/(-40)). Suppose -5*p + b = -0*p. Suppose 4 = 2*o + 2*u + 2, -p*u - 16 = 0. What is the units digit of o?
5
Let d = 300 + -206. What is the 